*2 + 13*f - 2. Let i be l(4). Let s(p) = p**2 - i + 50*p + 18 - 60*p. Calculate the remainder when 79 is divided by s(11).
25
Let g = 26 + -19. Let q(u) = u**2 + u + 4. Let s be q(0). Let o = g + s. Calculate the remainder when 32 is divided by o.
10
Let f = 175 - 40. What is the remainder when f is divided by 35?
30
Let w(v) = 8*v - 11. Suppose -2*l - 2*t + 6*t + 40 = 0, 2*t = -3*l + 20. Let a = 44 - 26. Calculate the remainder when w(l) is divided by a.
15
Suppose 20*t = 19*t - 3, -2*a + 5*t + 39 = 0. What is the remainder when 48 is divided by a?
0
Let r(z) = 111*z**2 + 6*z + 4. What is the remainder when r(4) is divided by 139?
136
Let v be (1 + 3 + -4)/2. Suppose -3*u + 9 = -v*u. What is the remainder when 10 is divided by u?
1
Let k(n) = -4*n - 6. Let r = -38 - -33. What is the remainder when 20 is divided by k(r)?
6
Suppose 586 = 3*f - 2*s, -7*f + 396 = -5*f + 4*s. What is the remainder when f is divided by 51?
43
Suppose -12 = 4*l + 4*f, -2*f = 4*l - 6*f - 28. Suppose -4*t + 12 = -a, -l*t + 0*a = -2*a. What is the remainder when t is divided by 2?
0
Let f(n) = -n**3 + 2*n**2 + 6*n - 8. Let v be f(3). What is the remainder when -8 + 11 - (-15 - v/1) is divided by 5?
4
Suppose -j = 3, 2*u - 3*j = -0*j + 9. Suppose u = 156*l - 151*l - 55. Calculate the remainder when l is divided by 4.
3
Let l = -110 - 33. Let y = -81 - l. Suppose -45*q = -229 - 356. What is the remainder when y is divided by q?
10
Let p = 33 - 16. What is the remainder when p is divided by 10?
7
Suppose -611 = -6*t - 7*t. Calculate the remainder when t is divided by 7.
5
Let b = -1016 + 1018. Suppose -3*d - 6*u = -2*u + 56, 0 = 2*d - 4*u + 24. Let w = -9 - d. Calculate the remainder when w is divided by b.
1
Let c(k) = k**3 - 2*k**2 - k - 4. Let z be c(3). Suppose -6*a + 24 = -z*a. Let y(q) = q**3 - 5*q**2 + 3*q + 7. What is the remainder when y(a) is divided by 16?
13
Suppose 660 = 2*s - 4*g - 298, 3*s + 3*g - 1419 = 0. Calculate the remainder when (12/(-10))/((-10)/s) is divided by (6/4)/(3/40).
17
Let g(u) be the third derivative of -u**5/60 - u**4/2 - 17*u**3/6 + 13*u**2. Let r be g(-8). Let z = 4 + r. What is the remainder when 33 is divided by z?
14
Suppose -2*y + 22 = -0*y. What is the remainder when ((-28)/(-6))/(-5 + 230/45) is divided by y?
9
Let r(w) = w**2 + 2*w - 1. Let z be r(0). Calculate the remainder when 100 is divided by (5 + z - -24) + -2.
22
Suppose -8*f + 651 = x, 2*x - 2*f = -3*f + 1317. Calculate the remainder when x is divided by 83.
78
Let k(l) = -l**3 + 7*l**2 + 7*l - 9. Let q be k(8). Suppose -1799 + 1729 = -v. Calculate the remainder when v is divided by (-1 + 0)*q + 1.
16
Let f(h) be the third derivative of h**4/12 - 13*h**3/6 + 13*h**2. Calculate the remainder when 166/4 - (-2)/4 is divided by f(12).
9
Suppose 5*a - 346*x + 350*x - 691 = 0, -554 = -4*a - 3*x. Calculate the remainder when a is divided by (-4)/(-14) + (-341)/(-7).
45
Let q(c) = c + 4. Let i be q(-3). Suppose 4*a = 64 - 0. Calculate the remainder when (-3 + i)/(-2)*61 is divided by a.
13
Suppose 12 = x - 18. Let f(q) = 2*q**2 + 6*q. Suppose -4 = 20*z - 19*z. What is the remainder when x is divided by f(z)?
6
Let q(o) = 5 - 2 + 5 - o + 10. Let v = 1 - -3. Calculate the remainder when q(7) is divided by v.
3
Let w = 1 - 1. Suppose w = -5*k + 3*a + 173, a + 86 = 2*k + 4*a. Suppose -76 = 3*b + 5*b - 12*b. What is the remainder when k is divided by b?
18
Let x(g) = g**3 + 2*g**2 - g - 4. Let l be (3/3)/((-3)/(-75)). What is the remainder when x(3) is divided by (-1)/(l/13 + -2)?
12
Suppose -3*u + 11 = -y - 134, -u - 4*y = -70. What is the remainder when 60 is divided by u?
10
Let f(y) = 7*y + 26. Let t(j) = -j**3 - 3*j**2 - 7. Let r be t(-4). What is the remainder when f(r) is divided by 23?
20
Let q(d) = -d. Let h be q(-4). Suppose -h*l - 3 = 4*n + 13, -4*l = n + 4. Suppose -6*p + 2 + 64 = l. What is the remainder when p is divided by 4?
3
Let f(h) = h**2 + 2*h - 1. Let q be f(-2). Suppose 0 = -5*d + 20 + 60. What is the remainder when d is divided by -2*36/8*q?
7
Suppose 64*p + 70 = 78*p. Let h = 10 - 7. Suppose h*k = k + 28. What is the remainder when k is divided by p?
4
Let n(u) = 2*u - 24. Let c be n(13). Suppose -3*w = -t - 11, -3*w + t = c*w - 19. Suppose -w*x = -55 + 7. What is the remainder when 71 is divided by x?
11
Suppose 13*y + 40 = 5*y. Suppose -6*f + 68 = -2*f. Calculate the remainder when ((-134)/y)/((-2)/(-5)) is divided by f.
16
Suppose 5*k = -2*p + 1736, 4*k + 161*p - 163*p = 1378. Calculate the remainder when k is divided by 18.
4
Let r(m) = 8*m + 68. Let h(l) = 3*l + 23. Let q(t) = 17*h(t) - 6*r(t). What is the remainder when 4/6*(-72)/(-2) is divided by q(8)?
3
Let a(c) = -17*c + 32*c + 36*c - 8*c. Calculate the remainder when a(1) is divided by 9.
7
Suppose 12*i - 11*i = -5*d + 88, 2*i = -4*d + 188. Calculate the remainder when 288 is divided by i.
92
Let x(r) = 8 + r + 2*r + r**3 + 5*r**2 + 0*r + 3*r. Let l be x(-4). Suppose z + 4*z - 65 = l. What is the remainder when 51 is divided by z?
12
Suppose -z + 2 = -126. Calculate the remainder when z is divided by 39.
11
Let p(z) be the first derivative of -2*z**3/3 - 17*z**2/2 - 14*z + 8. Calculate the remainder when p(-6) is divided by 7.
2
Let x(l) = l**3 - l**2 + 2*l + 4. Let d be x(3). Suppose 5*j = 4*u + 4*j - 64, 0 = 5*j + 20. Let n = d - u. Calculate the remainder when 49 is divided by n.
10
Let q = 20 - 44. Let s = 24 + q. Suppose 4*v - 2*j + 6*j - 96 = 0, s = -3*v - 4*j + 71. Calculate the remainder when v is divided by 9.
7
Let k = -22 + 25. Suppose -74 = -3*p + q, -49 = -2*p + k*q - 2*q. What is the remainder when p is divided by 7?
4
Let i(p) = p**3 + 6*p**2 - 14*p + 15. Let b be i(-8). What is the remainder when 4 - (b + 0 - 39 - 4) is divided by 14?
6
Suppose 2*s - 38 = k, -5*s = -3*k - 4 - 115. Let a = k - -136. Calculate the remainder when a is divided by 30.
28
Let s(n) = -n + 25. What is the remainder when 204 is divided by s(11)?
8
Let b(t) = -23*t + 16. Let v be b(8). Let y = v - -16. Calculate the remainder when 1*(3 - y/4) is divided by 14.
13
What is the remainder when 105 is divided by (-2)/3 - 348/(-36)?
6
Suppose 2*x - 3*s = -19, -7 = x - 4*s - 0. Let r = 11 - x. Calculate the remainder when r is divided by 8.
6
Suppose 267 = 9*j - 354. Calculate the remainder when 99 is divided by j.
30
Let z = -41 - -100. What is the remainder when z is divided by 5?
4
Calculate the remainder when 5128/6 + ((-774)/(-54) - 14) is divided by 33.
30
Suppose 2*y - 24 - 24 = 0. Suppose k + k + 3*l - 16 = 0, y = 3*k - 5*l. Calculate the remainder when k is divided by 1.
0
Suppose 0 = -3*w + 12 - 3. What is the remainder when 14 is divided by w?
2
Suppose -3*f + f = -5*p - 39, 0 = 5*f - 5*p - 105. What is the remainder when 39 is divided by 5*6/(60/f)?
6
Let i(s) = -s**2 + 14*s - 12. What is the remainder when 93 is divided by i(2)?
9
Let z = 161 - -8. What is the remainder when z is divided by 9?
7
Let w(v) = -v**3 - 4*v**2 - 2*v + 10. Suppose -5*r - 2*i + 77 = -46, 2*i = 3*r - 77. What is the remainder when w(-5) is divided by r?
20
Suppose w - 3*w - 2*t + 62 = 0, 2*w + 4*t - 64 = 0. Let s(j) = -j**2. Let a be s(2). Let u(q) = q**2 - 5. Calculate the remainder when w is divided by u(a).
8
Let p(u) = -5*u**2 + 5*u + u**3 + 0*u**3 - 4 + 2. Let l(g) = 2*g - 54. Calculate the remainder when p(5) is divided by l(31).
7
Let r(j) = 89*j**2 + 11. What is the remainder when 65 is divided by r(0)?
10
Suppose -2*r = -n - r + 8, -2*n - r = -25. What is the remainder when 20 is divided by n?
9
What is the remainder when (-44)/(((-6)/(-63))/((-9)/21)) is divided by 83?
32
Let w(f) = -16*f - 405. Calculate the remainder when 95 is divided by w(-27).
14
Suppose 7*m - 2*m - 55 = -5*p, m - p - 11 = 0. Let o be (3/(-9))/(1/39). Let x = o + 19. What is the remainder when m is divided by x?
5
Suppose -328*k + 330*k = 192. Let y = -28 - -61. What is the remainder when k is divided by y?
30
Let a be 12/5*(-1120)/(-64). Suppose 4*o + 5*w = -111, 0 = -2*o + 5*w - 2*w - 39. Let i = a + o. Calculate the remainder when 87 is divided by i.
15
Let g(m) = -m**3 + 9*m**2 - 7*m + 9. Suppose -7 - 5 = -4*v - 4*n, n - 11 = -2*v. Calculate the remainder when 47 is divided by g(v).
13
Let q = 49 + 50. What is the remainder when 3388/18 +